 = 33 - 23. Let l(x) be the third derivative of x**6/120 - 11*x**5/60 + 11*x**4/24 + 5*x**3/6 + 7*x**2. List the prime factors of l(c).
3, 5
Suppose 0 = 3*k - 2*i - 4 - 0, 0 = k + 3*i - 16. Let p be (k - -24) + (4 - 1). What are the prime factors of (p/(-3))/(3/(-9))?
31
Let y(g) = 2*g + 13. Let i be y(-7). List the prime factors of (3 + i)*(-4 - -44).
2, 5
Let d be (4 - (-6)/(-3))*-2. Suppose 0 = -3*f - n + 4, -f - 4*n + 9 = 4*f. List the prime factors of (6/d)/(f/(-12)).
2, 3
Let w be ((7 - 1)*8)/(-1). Suppose -518 = -12*l + 454. Let d = w + l. What are the prime factors of d?
3, 11
Let n be 18/(-5)*(-6 - 14). Suppose u - 4*u = -n. Suppose 0 = -3*q + 2*p + u + 20, -28 = -2*q + 2*p. What are the prime factors of q?
2
Suppose 5*u - 2*f = -1569 + 4515, -1164 = -2*u - 4*f. What are the prime factors of u?
2, 3, 7
Let v = 984 + -636. What are the prime factors of v?
2, 3, 29
Suppose -1 + 21 = -4*g. Let w(u) = 2*u**2 - 2 - 3*u**2 + 2*u**2. List the prime factors of w(g).
23
Suppose s = -4*w - 15, 6*w = -3*s + 3*w. Suppose -70 = -k - s. Suppose -5*l = -15, 0*l = 2*o + 5*l - k. What are the prime factors of o?
5
Suppose 0 = -2*v + 5*y + 60, -5*y - 12 = -2*y. Let i be (-12)/20 + 252/v. Let n = 25 + i. What are the prime factors of n?
37
Let z(g) = 3*g**2 + 5*g + 5. Let o be z(-2). Suppose -4*f = -o*f. Suppose 175 = 4*x + y, 4*y + f*y - 55 = -x. List the prime factors of x.
43
Let s(v) = 205*v**2 - 7*v - 22. List the prime factors of s(5).
2, 7, 181
List the prime factors of ((-18)/(-3))/((-33)/(-10043)).
2, 11, 83
Let h be (-1)/1 - -152 - 38/(-19). Let f(o) = -24*o**2 + 1. Let v be f(2). Let d = v + h. List the prime factors of d.
2, 29
Let f(p) = 3*p. Let v(l) = 8*l. Let n(z) = -20*f(z) + 6*v(z). What are the prime factors of n(-21)?
2, 3, 7
Let m = 250 - 170. Let i = -31 + m. Suppose f = 5*b + 11 + 32, b = -3*f + i. What are the prime factors of f?
2, 3
Let b be (5/(-4))/((-10)/80). Let n be 0*(-6 + 1)/b. Suppose -2*l = -n*l - 68. List the prime factors of l.
2, 17
List the prime factors of (110/(-20))/(2/(-28)).
7, 11
Suppose 0*m = -8*m - 64. Let x(g) = -g**2 - 12*g + 18. What are the prime factors of x(m)?
2, 5
Let x = -17 - -19. Suppose 0 = -l - x*w + 3, -l = -3*l + 2*w + 6. Suppose 6 = l*s + 2*s + a, 5*a = -3*s - 14. What are the prime factors of s?
2
Let i = 22 - 36. Let x be 0 - (-7)/(i/(-4)). Suppose -x*g = 3*g - 105. What are the prime factors of g?
3, 7
Suppose 6239 = 16*n - 3073. List the prime factors of n.
2, 3, 97
Let v = 9709 - 5862. What are the prime factors of v?
3847
Suppose -149 = -y - 144. Let b = 44 + -22. Suppose -y*q = -6*q + b. List the prime factors of q.
2, 11
Suppose 3*w - 13 = 2. Suppose -8 = h - w*h. Suppose -5*f - n + 179 = 0, -h*f - n + 144 = 2*f. What are the prime factors of f?
5, 7
Let d(o) = -2*o + 6. Let y be d(0). Suppose y*s = 675 + 345. What are the prime factors of s?
2, 5, 17
Let j = 1403 - 493. List the prime factors of j.
2, 5, 7, 13
Let f(x) = x - 7. Suppose -q - 3*q = -28. Let b be f(q). Suppose b = -3*g - 21 + 96. What are the prime factors of g?
5
Let d = -165 + 180. List the prime factors of d.
3, 5
Let d be 4 + (2 - 10) + (170 - 1). Let u = -24 + d. List the prime factors of u.
3, 47
Suppose -3*k = -3*r + 42 + 18, -k + 3*r = 22. Let z = k + 43. What are the prime factors of z?
2, 3
Suppose 3*o - 8633 = 4*h, -4*o - 142*h = -146*h - 11512. List the prime factors of o.
2879
Suppose -4*s + 28*d = 27*d - 317, 4*s - 4*d = 332. List the prime factors of s.
2, 3, 13
Suppose -15 = -2*h - p, -2*h - h + p + 35 = 0. Suppose h = -0*i + 2*i. Let b(a) = a**2 - 6*a + 15. List the prime factors of b(i).
2, 5
What are the prime factors of ((-3)/9 - -1)/(6/4041)?
449
Suppose -13*x = -118 - 25. Suppose -4*y = x*y - 1560. List the prime factors of y.
2, 13
Suppose 5*w - 1248 = -3*q, 2*w + 247 = 3*w - 2*q. List the prime factors of w.
3, 83
Suppose 0 = -2*c - 2*s + 160, -2*s = -3*c - 2*c + 386. Suppose 0 = -3*q + c + 183. Let l = q + -52. List the prime factors of l.
5, 7
Let j(m) = -m**2 + 2*m - 4. Let b be j(5). Let p = b - -13. Let w(q) = -5*q - 7. What are the prime factors of w(p)?
23
Suppose 8 = 4*w - 0*w. Suppose 3*v = -w*v - 20. List the prime factors of v/(-36)*-3*-39.
13
Let g(c) = 2*c**2 + 3*c + 23. Let u be g(-8). Let k = -59 + u. What are the prime factors of k?
2, 17
Let o = 36 - 32. Suppose o*v + 38 - 98 = 0. List the prime factors of v.
3, 5
Let s(h) = 193*h**2 - h + 10. What are the prime factors of s(3)?
2, 109
Let p be 14/21*(-18)/(-4). Suppose p*k - 2*k = -6. What are the prime factors of k*4/(-32)*24?
2, 3
Suppose -4690 = -2*x - 19*h + 24*h, -5*h = 3*x - 7085. List the prime factors of x.
3, 5, 157
Suppose 10*l - 114 = 9*l. What are the prime factors of l?
2, 3, 19
Let w = -107 - -88. Let a = 154 + w. List the prime factors of a.
3, 5
Let k(j) = 10*j - 7 - 9 - 7 + 4*j**2 - 1. List the prime factors of k(-9).
2, 3, 5, 7
Let c(x) = -x**3 + 12*x**2 + 2*x - 1. Let q be c(6). Let t = -116 + q. List the prime factors of t.
3, 37
Let g(v) = -35*v - 1. Let p(c) = c. Let y(n) = 2*g(n) + 14*p(n). Let w be y(-2). Suppose 6*s = 5*d + s - w, -25 = 5*s. What are the prime factors of d?
17
Let m(a) be the third derivative of a**2 - 5/6*a**3 + 2/15*a**5 + 1/4*a**4 + 0*a + 1/120*a**6 + 0. What are the prime factors of m(-6)?
31
Suppose 3*p - 24 = -5*q, -3*q + q = -5*p + 9. Suppose -p*h - h = 0. Suppose 3*o - 72 + 0 = h. List the prime factors of o.
2, 3
Suppose 3*n + 9 = 2*f + f, -2*f + 9 = -n. List the prime factors of (-3972)/(-90) + f/(-45).
2, 11
Suppose 0 = 13*v + 4*v - 8823. What are the prime factors of v?
3, 173
Let c be 4/(-22) - ((-984)/88 - -7). Suppose -c*s - 4 = 0, -a = 9*s - 5*s - 129. List the prime factors of a.
7, 19
Let f = 178 - -187. List the prime factors of f.
5, 73
Let y = -18 + 21. What are the prime factors of (-4)/6 + 227/y?
3, 5
Let a(c) = -14*c + 8. Let r be a(-7). Suppose -5*o + 74 = -r. Suppose 2*g = u - 3*u + o, 15 = 5*g. List the prime factors of u.
3, 5
Let w(h) = 15*h**2 + 45*h - 339. What are the prime factors of w(9)?
3, 7, 61
Let l(b) = b**3 + 16*b**2 + 25*b + 12. What are the prime factors of l(-11)?
2, 3, 19
Let u be 1/6 - (-615)/90. Suppose 964 = -u*w + 11*w. What are the prime factors of w?
241
Let g(p) = p + 2*p + 2*p - 3*p + 27*p**2 - 2. List the prime factors of g(1).
3
Let x(d) = 195*d + 152. List the prime factors of x(12).
2, 7, 89
Let w(o) = -3*o**2 + 51*o - 5. Let r(m) = 5*m**2 - 77*m + 7. Let k(s) = -5*r(s) - 8*w(s). List the prime factors of k(-14).
131
Let m = 1417 - -673. What are the prime factors of m?
2, 5, 11, 19
Let x = -443 - -1807. List the prime factors of x.
2, 11, 31
Suppose 0 = p + 5, 3*o - 45 = -2*o + 3*p. Let j(l) = -l**3 + 8*l**2 + 2*l + 8. What are the prime factors of j(o)?
2, 23
Suppose 0 = r - 28 + 8. Suppose -r*s + 16*s = -748. What are the prime factors of s?
11, 17
Let j(o) = o**2 + 12*o - 4. Let n be j(9). Suppose 0 = -p + 4*v + n, -2*v + 0*v = -3*p + 565. What are the prime factors of p?
3, 7
Let q = -81 - -85. Suppose 0 = -q*k + j + 851, -2*k = -5*k + 5*j + 617. List the prime factors of k.
2, 107
Let l(k) = -k + 12. Let s be l(7). Suppose 2*t + t - 493 = -s*z, -2*t = -4*z + 390. What are the prime factors of z?
2, 7
Let s = 9639 - 6497. List the prime factors of s.
2, 1571
Suppose 0 = y - 2, 35*h - 4606 = 31*h - 3*y. List the prime factors of h.
2, 5, 23
Let g(s) = s**2 + 3*s - 7. Suppose 10 = -b - b. Let v be g(b). Suppose 0 = v*y - 0*y - 60. List the prime factors of y.
2, 5
Let n(k) = 7*k + 50. Let z be n(-7). List the prime factors of (z/(-4))/((-12)/2928).
61
Suppose 0*r - 3*r = 0. Suppose 0 = -r*b + b - 98. List the prime factors of b.
2, 7
Suppose 0 = -3*u + u + 926. List the prime factors of u.
463
Let r(o) = -4*o**2 - 3*o - 4. Let c be r(5). Let b = c + 221. List the prime factors of b.
2, 3, 17
Suppose 3*n + 316 - 100 = 0. Let j = 171 + n. What are the prime factors of j?
3, 11
What are the prime factors of -1401*(-6 + (-128)/(-24))?
2, 467
Let i(v) = v**2 + 2*v - 4. Let s(t) = -t + 2. Let m(l) = -6*i(l) - 11*s(l). Let o be m(-2). List the prime factors of (-1)/2 + (-610)/o.
2, 3, 5
Suppose 2*j - 6*o + 2*o - 4106 = 0, 2045 = j + 2*o. What are the prime factors of j?
3, 683
Suppose -34*w + 11328 = -2*w. What are the prime facto